e the prime factors of 7285?
5, 31, 47
List the prime factors of 1361.
1361
List the prime factors of 171.
3, 19
What are the prime factors of 832?
2, 13
List the prime factors of 93117.
3, 31039
List the prime factors of 13217.
13217
What are the prime factors of 17059?
7, 2437
List the prime factors of 6951.
3, 7, 331
List the prime factors of 68080.
2, 5, 23, 37
List the prime factors of 26545.
5, 5309
What are the prime factors of 13964?
2, 3491
What are the prime factors of 335?
5, 67
What are the prime factors of 62777?
11, 13, 439
List the prime factors of 871.
13, 67
What are the prime factors of 35403?
3, 11801
What are the prime factors of 18539?
18539
What are the prime factors of 20285?
5, 4057
What are the prime factors of 139226?
2, 67, 1039
What are the prime factors of 28643?
28643
List the prime factors of 17587.
43, 409
What are the prime factors of 446?
2, 223
List the prime factors of 2368.
2, 37
List the prime factors of 134897.
7, 2753
List the prime factors of 14518.
2, 7, 17, 61
List the prime factors of 3783.
3, 13, 97
List the prime factors of 923.
13, 71
What are the prime factors of 785?
5, 157
What are the prime factors of 31985?
5, 6397
What are the prime factors of 12124?
2, 7, 433
What are the prime factors of 3280?
2, 5, 41
List the prime factors of 1812.
2, 3, 151
List the prime factors of 92970.
2, 3, 5, 1033
List the prime factors of 4122.
2, 3, 229
List the prime factors of 156634.
2, 78317
What are the prime factors of 6541?
31, 211
List the prime factors of 1653.
3, 19, 29
List the prime factors of 30061.
23, 1307
What are the prime factors of 590?
2, 5, 59
List the prime factors of 1214.
2, 607
List the prime factors of 6064.
2, 379
List the prime factors of 7657.
13, 19, 31
List the prime factors of 24643.
19, 1297
List the prime factors of 37607.
37607
List the prime factors of 34353.
3, 11, 347
What are the prime factors of 1138?
2, 569
List the prime factors of 6383.
13, 491
List the prime factors of 260.
2, 5, 13
What are the prime factors of 189?
3, 7
List the prime factors of 88786.
2, 103, 431
What are the prime factors of 44952?
2, 3, 1873
List the prime factors of 21164.
2, 11, 13, 37
What are the prime factors of 28958?
2, 14479
List the prime factors of 42981.
3, 14327
What are the prime factors of 9907?
9907
What are the prime factors of 7187?
7187
What are the prime factors of 1339?
13, 103
List the prime factors of 1722.
2, 3, 7, 41
List the prime factors of 79.
79
List the prime factors of 7792.
2, 487
What are the prime factors of 1319?
1319
List the prime factors of 34727.
7, 11, 41
What are the prime factors of 12232?
2, 11, 139
List the prime factors of 13132.
2, 7, 67
List the prime factors of 63608.
2, 7951
List the prime factors of 57778.
2, 7, 4127
List the prime factors of 20358.
2, 3, 13, 29
List the prime factors of 3060.
2, 3, 5, 17
List the prime factors of 71509.
43, 1663
List the prime factors of 1166.
2, 11, 53
List the prime factors of 548.
2, 137
What are the prime factors of 1545?
3, 5, 103
What are the prime factors of 1036?
2, 7, 37
List the prime factors of 1834.
2, 7, 131
List the prime factors of 33008.
2, 2063
List the prime factors of 41282.
2, 20641
What are the prime factors of 1079?
13, 83
What are the prime factors of 129909?
3, 13, 3331
List the prime factors of 213.
3, 71
List the prime factors of 856.
2, 107
What are the prime factors of 664?
2, 83
List the prime factors of 964.
2, 241
What are the prime factors of 2513?
7, 359
List the prime factors of 16768.
2, 131
What are the prime factors of 188?
2, 47
What are the prime factors of 97290?
2, 3, 5, 23, 47
What are the prime factors of 2012?
2, 503
What are the prime factors of 476?
2, 7, 17
What are the prime factors of 63179?
63179
List the prime factors of 10267.
10267
List the prime factors of 11731.
11731
List the prime factors of 323.
17, 19
What are the prime factors of 15268?
2, 11, 347
What are the prime factors of 46459?
7, 6637
What are the prime factors of 33328?
2, 2083
List the prime factors of 38785.
5, 7757
What are the prime factors of 35977?
35977
List the prime factors of 2608.
2, 163
List the prime factors of 1529.
11, 139
What are the prime factors of 967?
967
What are the prime factors of 1453?
1453
What are the prime factors of 11425?
5, 457
List the prime factors of 1621.
1621
What are the prime factors of 844?
2, 211
What are the prime factors of 800?
2, 5
What are the prime factors of 103934?
2, 157, 331
List the prime factors of 165098.
2, 82549
List the prime factors of 82380.
2, 3, 5, 1373
List the prime factors of 2600.
2, 5, 13
List the prime factors of 2356.
2, 19, 31
What are the prime factors of 6219?
3, 691
List the prime factors of 13520.
2, 5, 13
List the prime factors of 120.
2, 3, 5
List the prime factors of 8412.
2, 3, 701
What are the prime factors of 3161?
29, 109
What are the prime factors of 22525?
5, 17, 53
List the prime factors of 12971.
7, 17, 109
List the prime factors of 26344.
2, 37, 89
What are the prime factors of 31420?
2, 5, 1571
What are the prime factors of 2414?
2, 17, 71
What are the prime factors of 14651?
7, 13, 23
What are the prime factors of 2445?
3, 5, 163
What are the prime factors of 36?
2, 3
List the prime factors of 22249.
19, 1171
List the prime factors of 14362.
2, 43, 167
List the prime factors of 117767.
13, 9059
List the prime factors of 57470.
2, 5, 7, 821
List the prime factors of 19861.
19861
List the prime factors of 34242.
2, 3, 13, 439
List the prime factors of 989.
23, 43
What are the prime factors of 37227?
3, 12409
List the prime factors of 402.
2, 3, 67
What are the prime factors of 100?
2, 5
What are the prime factors of 9812?
2, 11, 223
List the prime factors of 2120.
2, 5, 53
What are the prime factors of 4941?
3, 61
List the prime factors of 227.
227
What are the prime factors of 4284?
2, 3, 7, 17
List the prime factors of 138790.
2, 5, 13879
List the prime factors of 8776.
2, 1097
List the prime factors of 2190.
2, 3, 5, 73
What are the prime factors of 1830?
2, 3, 5, 61
List the prime factors of 10217.
17, 601
List the prime factors of 2221.
2221
List the prime factors of 551.
19, 29
List the prime factors of 1514.
2, 757
What are the prime factors of 719?
719
What are the prime factors of 32085?
3, 5, 23, 31
List the prime factors of 1794.
2, 3, 13, 23
List the prime factors of 17223.
3, 5741
What are the prime factors of 29170?
2, 5, 2917
List the prime factors of 1271.
31, 41
What are the prime factors of 1320?
2, 3, 5, 11
List the prime factors of 1638.
2, 3, 7, 13
What are the prime factors of 4737?
3, 1579
What are the prime factors of 1751?
17, 103
What are the prime factors of 29379?
3, 7, 1399
What are the prime factors of 21150?
2, 3, 5, 47
What are the prime factors of 478?
2, 239
List the prime factors of 7146.
2, 3, 397
What are the prime factors of 265?
5, 53
What are the prime factors of 2122?
2, 1061
List the prime factors of 4139.
4139
List the prime factors of 2363.
17, 139
List the prime factors of 8.
2
What are the prime factors of 55191?
3, 18397
List the prime factors of 1171.
1171
What are the prime factors of 18508?
2, 7, 661
List the prime factors of 2760.
2, 3, 5, 23
List the prime factors of 917.
7, 131
What are the prime factors of 130?
2, 5, 13
List the prime factors of 221.
13, 17
List the prime factors of 24889.
24889
What are the prime factors of 16376?
2, 23, 89
What are the prime factors of 3930?
2, 3, 5, 131
List the prime factors of 72492.
2, 3, 7, 863
What are the prime factors of 5117?
7, 17, 43
List the prime factors of 3422.
2, 29, 59
List the prime factors of 7244.
2, 1811
What are the prime factors of 987?
3, 7, 47
List the prime factors of 628.
2, 157
List the prime factors of 3596.
2, 29, 31
What are the prime factors of 5500?
2, 5, 11
What are the prime factors of 20389?
20389
List the prime factors of 46847.
79, 593
List the prime factors of 1095.
3, 5, 73
List the prime factors of 7891.
13, 607
List the prime factors of 2142.
2, 3, 7, 17
List the prime factors of 18081.
3, 7, 41
List the prime factors of 2624.
2, 41
What are the prime factors of 560?
2, 5, 7
What are the prime factors of 10178?
2, 7, 727
List the prime factors of 2190.
2, 3, 5, 73
List the prime f